{"id":1513,"date":"2022-05-29T15:22:16","date_gmt":"2022-05-29T12:22:16","guid":{"rendered":"https:\/\/www.psycovery.ro\/?page_id=1513"},"modified":"2022-06-09T11:59:16","modified_gmt":"2022-06-09T08:59:16","slug":"blog","status":"publish","type":"page","link":"https:\/\/www.psycovery.ro\/?page_id=1513","title":{"rendered":"Blog"},"content":{"rendered":"<p><a href=\"https:\/\/www.psycovery.ro\/?p=1518\">Dou\u0103 tipuri de g\u00e2ndire<\/a><kbd>.<\/kbd><kbd> <\/kbd>Exist\u0103 dou\u0103&nbsp;tipuri de g\u00e2ndire care asigur\u0103 interfa\u021ba navig\u0103rii prin dou\u0103 tipuri de teritoriu:&nbsp;<em>algoritmic\u0103&nbsp;<\/em>(\u00een teritoriu explorat)&nbsp;\u015fi&nbsp;<em>euristic\u0103&nbsp;<\/em>(\u00een teritoriu neexplorat). Carl Jung descria cele dou\u0103&nbsp;tipuri de g\u00e2ndire ale min\u0163ii umane astfel: unul direc\u0163ionat, articulat, supus rigorilor logicii&nbsp;\u0219i cauzalit\u0103\u0163ii, \u00een care vehiculul informa\u0163iei este predominant limbajul, ordonat \u00een secven\u021be temporale (g\u00e2ndire algoritmic\u0103),&nbsp;\u0219i cel\u0103lalt, asociativ, iner\u0163ial, atemporal \u2013 ce ar putea fi este amestecat cu ce a fost \u2013 \u00een care vehiculul informa\u0163iei este predominant simbolic (g\u00e2ndirea euristic\u0103).<\/p><p><a href=\"https:\/\/www.psycovery.ro\/?p=1558\" data-type=\"URL\" data-id=\"https:\/\/www.psycovery.ro\/?p=1558\">G\u00e2nde\u0219ti prea mult? <\/a>\u00cen realitate nu exist\u0103 \u201eg\u00e2ndit prea mult\u201d ci doar \u201eg\u00e2ndit \u00een gol\u201d. Acest fenomen este implicat \u00een numeroase condi\u021bii psihopatologice de la cele subclinice p\u00e2n\u0103 la cele de intensitate psihiatric\u0103.<\/p><p><a href=\"https:\/\/www.psycovery.ro\/?p=1521\">Despre emo\u021bii: experien\u021b\u0103, concept \u0219i modele<\/a>. Cuv\u00e2ntul&nbsp;<em>emo\u0163ie&nbsp;<\/em>provine din verbul latin&nbsp;<em>emovere&nbsp;<\/em>care \u00eenseamn\u0103&nbsp;<em>mi\u0219care.&nbsp;<\/em>\u00cen cazul celor mai multe specii capabile de emo\u0163ii, acestea sunt indisolubil asociate ac\u0163iunii sau, altfel spus, emo\u0163iile se exprim\u0103&nbsp;prin ac\u0163iune. \u00cenainte ca sistemul cerebral s\u0103&nbsp;evolueze func\u0163ii reflexive (sau procese ter\u0163iare de control descendent), emo\u021biile nu erau altceva dec\u00e2t colec\u021bii de senza\u021bii corporale&nbsp;\u015fi impulsuri care semnalizau o perturbare a homeostaziei interne&nbsp;\u015fi care for\u021bau organismul s\u0103&nbsp;ac\u021bioneze \u00een anumite moduri predefinite pentru a o reduce sau preveni.<\/p><p><a href=\"https:\/\/www.psycovery.ro\/?p=1548\">Ata\u0219amentul &#8211; diferen\u021be intersexuale.<\/a> Conexiunea care se construie\u015fte \u00een cadrul unei rela\u0163ii este esen\u0163ial\u0103 pentru s\u0103n\u0103tatea individului. Ruperea acestei leg\u0103turi las\u0103 individul vulnerabil \u00een fa\u0163a unor afec\u0163iuni grave induse de stres. <\/p><p><\/p>","protected":false},"excerpt":{"rendered":"<p>Dou\u0103 tipuri de g\u00e2ndire. Exist\u0103 dou\u0103&nbsp;tipuri de g\u00e2ndire care asigur\u0103 interfa\u021ba navig\u0103rii prin dou\u0103 tipuri de teritoriu:&nbsp;algoritmic\u0103&nbsp;(\u00een teritoriu explorat)&nbsp;\u015fi&nbsp;euristic\u0103&nbsp;(\u00een teritoriu neexplorat). Carl Jung descria cele dou\u0103&nbsp;tipuri de g\u00e2ndire ale min\u0163ii umane astfel: unul direc\u0163ionat, articulat, supus rigorilor logicii&nbsp;\u0219i cauzalit\u0103\u0163ii, \u00een care vehiculul informa\u0163iei este predominant limbajul, ordonat \u00een secven\u021be temporale (g\u00e2ndire algoritmic\u0103),&nbsp;\u0219i cel\u0103lalt, asociativ, iner\u0163ial, [&hellip;]<\/p>\n","protected":false},"author":1,"featured_media":0,"parent":49,"menu_order":4,"comment_status":"closed","ping_status":"closed","template":"","meta":{"footnotes":""},"class_list":["post-1513","page","type-page","status-publish","hentry"],"_links":{"self":[{"href":"https:\/\/www.psycovery.ro\/index.php?rest_route=\/wp\/v2\/pages\/1513","targetHints":{"allow":["GET"]}}],"collection":[{"href":"https:\/\/www.psycovery.ro\/index.php?rest_route=\/wp\/v2\/pages"}],"about":[{"href":"https:\/\/www.psycovery.ro\/index.php?rest_route=\/wp\/v2\/types\/page"}],"author":[{"embeddable":true,"href":"https:\/\/www.psycovery.ro\/index.php?rest_route=\/wp\/v2\/users\/1"}],"replies":[{"embeddable":true,"href":"https:\/\/www.psycovery.ro\/index.php?rest_route=%2Fwp%2Fv2%2Fcomments&post=1513"}],"version-history":[{"count":8,"href":"https:\/\/www.psycovery.ro\/index.php?rest_route=\/wp\/v2\/pages\/1513\/revisions"}],"predecessor-version":[{"id":1561,"href":"https:\/\/www.psycovery.ro\/index.php?rest_route=\/wp\/v2\/pages\/1513\/revisions\/1561"}],"up":[{"embeddable":true,"href":"https:\/\/www.psycovery.ro\/index.php?rest_route=\/wp\/v2\/pages\/49"}],"wp:attachment":[{"href":"https:\/\/www.psycovery.ro\/index.php?rest_route=%2Fwp%2Fv2%2Fmedia&parent=1513"}],"curies":[{"name":"wp","href":"https:\/\/api.w.org\/{rel}","templated":true}]}}